{"id":286,"date":"2026-02-23T16:41:10","date_gmt":"2026-02-23T16:41:10","guid":{"rendered":"https:\/\/inlanddeco.com\/?page_id=286"},"modified":"2026-02-26T18:24:54","modified_gmt":"2026-02-26T18:24:54","slug":"sobre-mi","status":"publish","type":"page","link":"https:\/\/inlanddeco.com\/?page_id=286","title":{"rendered":"Sobre mi"},"content":{"rendered":"\n<div class=\"wp-block-columns is-layout-flex wp-container-core-columns-is-layout-3088492c wp-block-columns-is-layout-flex\" style=\"padding-top:var(--wp--preset--spacing--70);padding-right:0;padding-bottom:var(--wp--preset--spacing--70);padding-left:0\">\n<div class=\"wp-block-column is-layout-flow wp-container-core-column-is-layout-331a840e wp-block-column-is-layout-flow\" style=\"padding-top:var(--wp--preset--spacing--50);padding-right:0;padding-bottom:var(--wp--preset--spacing--50);padding-left:0\"><h4 class=\"wp-block-post-title\">Sobre mi<\/h4>\n\n\t<p data-spectra-id=\"spectra-mm2foogw-o4e086\"\t\tclass=\"wp-block-spectra-content\">\n\t\tInland es un espacio de arte textil fundado en 2018 con sede en Buenos Aires, Argentina. En este espacio creo obras hechas a mano centr\u00e1ndome en la exploraci\u00f3n y mezcla de t\u00e9cnicas textiles.<br><br>Me interesa construir piezas donde convivan distintas t\u00e9cnicas,<br>materiales y texturas, dejando que la experimentaci\u00f3n gu\u00ede parte del<br>proceso.<br><br>Trabajo a partir de un boceto inicial y un esquema de color, pero el<br>tejido final surge de la intuici\u00f3n y del di\u00e1logo con los materiales.<br><br>La naturaleza es una referencia constante que traduzco a<br>tramas, vol\u00famenes y composiciones. Selecciono fibras por sus<br>texturas y combino algodones, lanas y fibras naturales.<br><br>Busco generar obras que transmitan calma y despierten<br>curiosidad, invitando al espectador a acercarse y reconsiderar<br>t\u00e9cnicas que solemos ver en lo cotidiano, pero aplicadas de<br>maneras inesperadas.<br><br>Para m\u00ed, el arte textil representa una continuidad de las<br>tradiciones artesanales y una forma de mantener viva la<br>conexi\u00f3n con lo hecho a mano.\t<\/p>\n\n\n\n<div class=\"wp-block-buttons is-layout-flex wp-block-buttons-is-layout-flex\">\n<div class=\"wp-block-button\"><a class=\"wp-block-button__link wp-element-button\" href=\"https:\/\/inlanddeco.com\/?page_id=40\">Conoce m\u00e1s de mi trabajo<\/a><\/div>\n<\/div>\n<\/div>\n\n\n\n<div class=\"wp-block-column is-layout-flow wp-block-column-is-layout-flow\">\n<figure data-spectra-id=\"spectra-mm2ga2qv-sz5z54\" class=\"wp-block-image size-large is-resized\"><img loading=\"lazy\" decoding=\"async\" width=\"819\" height=\"1024\" src=\"https:\/\/inlanddeco.com\/wp-content\/uploads\/2026\/02\/IMG_5553-1-819x1024.jpg\" alt=\"img 5553\" class=\"wp-image-345\" title=\"Sobre mi\" srcset=\"https:\/\/inlanddeco.com\/wp-content\/uploads\/2026\/02\/IMG_5553-1-819x1024.jpg 819w, https:\/\/inlanddeco.com\/wp-content\/uploads\/2026\/02\/IMG_5553-1-240x300.jpg 240w, https:\/\/inlanddeco.com\/wp-content\/uploads\/2026\/02\/IMG_5553-1-768x960.jpg 768w, https:\/\/inlanddeco.com\/wp-content\/uploads\/2026\/02\/IMG_5553-1-1229x1536.jpg 1229w, https:\/\/inlanddeco.com\/wp-content\/uploads\/2026\/02\/IMG_5553-1-1638x2048.jpg 1638w, https:\/\/inlanddeco.com\/wp-content\/uploads\/2026\/02\/IMG_5553-1-scaled.jpg 2048w\" sizes=\"auto, (max-width: 819px) 100vw, 819px\" \/><\/figure>\n<\/div>\n<\/div>\n\n\n\n<p><\/p>\n","protected":false},"excerpt":{"rendered":"","protected":false},"author":1,"featured_media":0,"parent":0,"menu_order":0,"comment_status":"closed","ping_status":"closed","template":"","meta":{"_uag_custom_page_level_css":"","site-sidebar-layout":"default","site-content-layout":"","ast-site-content-layout":"default","site-content-style":"default","site-sidebar-style":"default","ast-global-header-display":"","ast-banner-title-visibility":"","ast-main-header-display":"","ast-hfb-above-header-display":"","ast-hfb-below-header-display":"","ast-hfb-mobile-header-display":"","site-post-title":"disabled","ast-breadcrumbs-content":"","ast-featured-img":"","footer-sml-layout":"","ast-disable-related-posts":"","theme-transparent-header-meta":"","adv-header-id-meta":"","stick-header-meta":"","header-above-stick-meta":"","header-main-stick-meta":"","header-below-stick-meta":"","astra-migrate-meta-layouts":"set","ast-page-background-enabled":"default","ast-page-background-meta":{"desktop":{"background-color":"var(--ast-global-color-4)","background-image":"","background-repeat":"repeat","background-position":"center center","background-size":"auto","background-attachment":"scroll","background-type":"","background-media":"","overlay-type":"","overlay-color":"","overlay-opacity":"","overlay-gradient":""},"tablet":{"background-color":"","background-image":"","background-repeat":"repeat","background-position":"center center","background-size":"auto","background-attachment":"scroll","background-type":"","background-media":"","overlay-type":"","overlay-color":"","overlay-opacity":"","overlay-gradient":""},"mobile":{"background-color":"","background-image":"","background-repeat":"repeat","background-position":"center center","background-size":"auto","background-attachment":"scroll","background-type":"","background-media":"","overlay-type":"","overlay-color":"","overlay-opacity":"","overlay-gradient":""}},"ast-content-background-meta":{"desktop":{"background-color":"var(--ast-global-color-5)","background-image":"","background-repeat":"repeat","background-position":"center center","background-size":"auto","background-attachment":"scroll","background-type":"","background-media":"","overlay-type":"","overlay-color":"","overlay-opacity":"","overlay-gradient":""},"tablet":{"background-color":"var(--ast-global-color-5)","background-image":"","background-repeat":"repeat","background-position":"center center","background-size":"auto","background-attachment":"scroll","background-type":"","background-media":"","overlay-type":"","overlay-color":"","overlay-opacity":"","overlay-gradient":""},"mobile":{"background-color":"var(--ast-global-color-5)","background-image":"","background-repeat":"repeat","background-position":"center center","background-size":"auto","background-attachment":"scroll","background-type":"","background-media":"","overlay-type":"","overlay-color":"","overlay-opacity":"","overlay-gradient":""}},"footnotes":""},"class_list":["post-286","page","type-page","status-publish","hentry"],"uagb_featured_image_src":{"full":false,"thumbnail":false,"medium":false,"medium_large":false,"large":false,"1536x1536":false,"2048x2048":false},"uagb_author_info":{"display_name":"inlanddeco-admin","author_link":"https:\/\/inlanddeco.com\/?author=1"},"uagb_comment_info":0,"uagb_excerpt":null,"jetpack_sharing_enabled":true,"_links":{"self":[{"href":"https:\/\/inlanddeco.com\/index.php?rest_route=\/wp\/v2\/pages\/286","targetHints":{"allow":["GET"]}}],"collection":[{"href":"https:\/\/inlanddeco.com\/index.php?rest_route=\/wp\/v2\/pages"}],"about":[{"href":"https:\/\/inlanddeco.com\/index.php?rest_route=\/wp\/v2\/types\/page"}],"author":[{"embeddable":true,"href":"https:\/\/inlanddeco.com\/index.php?rest_route=\/wp\/v2\/users\/1"}],"replies":[{"embeddable":true,"href":"https:\/\/inlanddeco.com\/index.php?rest_route=%2Fwp%2Fv2%2Fcomments&post=286"}],"version-history":[{"count":11,"href":"https:\/\/inlanddeco.com\/index.php?rest_route=\/wp\/v2\/pages\/286\/revisions"}],"predecessor-version":[{"id":346,"href":"https:\/\/inlanddeco.com\/index.php?rest_route=\/wp\/v2\/pages\/286\/revisions\/346"}],"wp:attachment":[{"href":"https:\/\/inlanddeco.com\/index.php?rest_route=%2Fwp%2Fv2%2Fmedia&parent=286"}],"curies":[{"name":"wp","href":"https:\/\/api.w.org\/{rel}","templated":true}]}}